{"id":126,"date":"2022-03-27T14:27:35","date_gmt":"2022-03-27T14:27:35","guid":{"rendered":"https:\/\/sortition.dk\/?page_id=126"},"modified":"2022-05-03T18:21:36","modified_gmt":"2022-05-03T18:21:36","slug":"kontakt","status":"publish","type":"page","link":"https:\/\/sortition.dk\/?page_id=126","title":{"rendered":"Kontakt"},"content":{"rendered":"<p>[vc_row][vc_column][vc_column_text]<\/p>\n<h2>Kontakt sortition.dk<\/h2>\n<p>Vi foresl\u00e5r at du bes\u00f8ger vores Facebook-gruppe <a href=\"https:\/\/www.facebook.com\/groups\/sortitionfoundationdk\">https:\/\/www.facebook.com\/groups\/sortitionfoundationdk<\/a>, hvor man er mere end velkommen deltage i debatten &#8211; s\u00e5 l\u00e6nge partipolitik holdes ude af diskussionen. (Vi pr\u00f8ver at godkende nye medlemmer s\u00e5 hurtigt som muligt.)<\/p>\n<p>Vi du hellere vil kommunikere per mail, s\u00e5 skriv til <a href=\"mailto:bennyFJERNES@sortition.dk\">Benny<\/a>. (Husk at slette &#8220;FJERNES&#8221; i email-adressen f\u00f8rst.)[\/vc_column_text][\/vc_column][\/vc_row]<\/p>\n","protected":false},"excerpt":{"rendered":"<p>[vc_row][vc_column][vc_column_text] Kontakt sortition.dk Vi foresl\u00e5r at du bes\u00f8ger vores Facebook-gruppe https:\/\/www.facebook.com\/groups\/sortitionfoundationdk, hvor man er mere end velkommen deltage i debatten &#8211; s\u00e5 l\u00e6nge partipolitik holdes ude af diskussionen. (Vi pr\u00f8ver at godkende nye medlemmer s\u00e5 hurtigt som muligt.) Vi du hellere vil kommunikere per mail, s\u00e5 skriv til Benny. (Husk at slette &#8220;FJERNES&#8221; i email-adressen [&hellip;]<\/p>\n","protected":false},"author":4,"featured_media":0,"parent":0,"menu_order":0,"comment_status":"closed","ping_status":"closed","template":"","meta":[],"_links":{"self":[{"href":"https:\/\/sortition.dk\/index.php?rest_route=\/wp\/v2\/pages\/126"}],"collection":[{"href":"https:\/\/sortition.dk\/index.php?rest_route=\/wp\/v2\/pages"}],"about":[{"href":"https:\/\/sortition.dk\/index.php?rest_route=\/wp\/v2\/types\/page"}],"author":[{"embeddable":true,"href":"https:\/\/sortition.dk\/index.php?rest_route=\/wp\/v2\/users\/4"}],"replies":[{"embeddable":true,"href":"https:\/\/sortition.dk\/index.php?rest_route=%2Fwp%2Fv2%2Fcomments&post=126"}],"version-history":[{"count":5,"href":"https:\/\/sortition.dk\/index.php?rest_route=\/wp\/v2\/pages\/126\/revisions"}],"predecessor-version":[{"id":172,"href":"https:\/\/sortition.dk\/index.php?rest_route=\/wp\/v2\/pages\/126\/revisions\/172"}],"wp:attachment":[{"href":"https:\/\/sortition.dk\/index.php?rest_route=%2Fwp%2Fv2%2Fmedia&parent=126"}],"curies":[{"name":"wp","href":"https:\/\/api.w.org\/{rel}","templated":true}]}}